mposite?
False
Is 21677 a prime number?
False
Is 9733 a prime number?
True
Is 974869 a composite number?
True
Is 79573 a composite number?
True
Is 289543 prime?
True
Is 46727 a prime number?
True
Is 9511 a composite number?
False
Is 1883969 a composite number?
False
Is 177107 a prime number?
False
Is 3265 a prime number?
False
Is 107221 prime?
False
Is 13369 a composite number?
True
Is 392011 a composite number?
False
Is 3227009 composite?
False
Is 1574 prime?
False
Is 50021 prime?
True
Is 4703 a composite number?
False
Is 245809 a prime number?
False
Is 90583 prime?
True
Is 50287 a prime number?
True
Is 164011 a prime number?
True
Is 125371 composite?
False
Is 34793 a prime number?
False
Is 436369 a prime number?
False
Is 1180351 a prime number?
True
Is 97771 a composite number?
False
Is 5347 a composite number?
False
Is 492098 a prime number?
False
Is 374981 prime?
True
Is 436523 a prime number?
True
Is 21421 a composite number?
True
Is 203 a composite number?
True
Is 203 a prime number?
False
Is 38138 prime?
False
Is 57521 a composite number?
True
Is 523871 a prime number?
False
Is 55231 composite?
True
Is 16311 a composite number?
True
Is 79609 a composite number?
False
Is 3107 prime?
False
Is 40387 composite?
False
Is 1042 prime?
False
Is 2161473 composite?
True
Is 12343 composite?
False
Is 2059 composite?
True
Is 2437 prime?
True
Is 16759 a composite number?
False
Is 75301 a prime number?
False
Is 339517 a composite number?
False
Is 21947 composite?
True
Is 202822 a prime number?
False
Is 7613 prime?
False
Is 132629 a composite number?
True
Is 8309 a composite number?
True
Is 12097 composite?
False
Is 646823 prime?
True
Is 11558 composite?
True
Is 806977 prime?
True
Is 1592123 a prime number?
False
Is 14107 composite?
False
Is 438509 a prime number?
False
Is 58549 prime?
True
Is 5242 a prime number?
False
Is 5723 a prime number?
False
Is 859 prime?
True
Is 556159 a prime number?
True
Is 42649 a composite number?
False
Is 148817 a prime number?
True
Is 85751 prime?
True
Is 976417 composite?
True
Is 4751 prime?
True
Is 26759 composite?
False
Is 12001 a prime number?
False
Is 20173 a prime number?
True
Is 7555 prime?
False
Is 161513 a composite number?
True
Is 24733 composite?
False
Is 36481 a composite number?
True
Is 15926 a composite number?
True
Is 1535 composite?
True
Is 1139713 a prime number?
True
Is 202091 composite?
True
Is 16961 prime?
False
Is 237493 a composite number?
True
Is 93521 prime?
False
Is 17257 composite?
False
Is 95177 composite?
False
Is 187751 prime?
True
Is 284369 composite?
False
Is 38939 a composite number?
True
Is 19567 a prime number?
False
Is 742562 a prime number?
False
Is 12227 a composite number?
False
Is 41191 prime?
False
Is 4595 composite?
True
Is 3829 prime?
False
Is 414913 a composite number?
False
Is 128033 prime?
True
Is 18137 a composite number?
True
Is 175327 a prime number?
True
Is 4463 a composite number?
False
Is 65179 a prime number?
True
Is 965 composite?
True
Is 68023 a composite number?
False
Is 68149 a composite number?
True
Is 63559 composite?
False
Is 87221 a prime number?
True
Is 466153 a composite number?
False
Is 16447 a composite number?
False
Is 5981 composite?
False
Is 475103 a composite number?
False
Is 1256431 prime?
False
Is 3351 composite?
True
Is 11401 composite?
True
Is 28187 prime?
False
Is 69877 a prime number?
True
Is 88541 a prime number?
False
Is 65551 a composite number?
False
Is 14173 composite?
False
Is 979493 composite?
True
Is 468079 a composite number?
False
Is 2100913 composite?
False
Is 15787 a prime number?
True
Is 52586 prime?
False
Is 6071 composite?
True
Is 613 a prime number?
True
Is 27601 composite?
True
Is 37495 a prime number?
False
Is 230091 a composite number?
True
Is 122117 a composite number?
False
Is 1979519 a prime number?
False
Is 3551 a prime number?
False
Is 44263 composite?
False
Is 20483 composite?
False
Is 11617 a prime number?
True
Is 17159 composite?
False
Is 528791 a composite number?
False
Is 2053 a composite number?
False
Is 4859 a composite number?
True
Is 34934 prime?
False
Is 26449 prime?
True
Is 6247 a composite number?
False
Is 547 a prime number?
True
Is 802405 a prime number?
False
Is 31987 a prime number?
False
Is 18281 composite?
True
Is 1383247 prime?
False
Is 5731 prime?
False
Is 10289 a prime number?
True
Is 69623 a composite number?
False
Is 2026 composite?
True
Is 14813 composite?
False
Is 12515 a prime number?
False
Is 125261 a composite number?
False
Is 104303 a prime number?
False
Is 7651 a prime number?
False
Is 2262631 prime?
False
Is 3169417 composite?
False
Is 51367 a composite number?
True
Is 69157 a prime number?
False
Is 6717 composite?
True
Is 7613 composite?
True
Is 2059 a prime number?
False
Is 222931 a prime number?
True
Is 713123 a composite number?
True
Is 2049 a prime number?
False
Is 600233 composite?
False
Is 33997 prime?
True
Is 6803 a prime number?
True
Is 871 composite?
True
Is 870013 prime?
True
Is 151499 a composite number?
False
Is 729769 a composite number?
True
Is 7069 a prime number?
True
Is 1858529 composite?
False
Is 17777 prime?
False
Is 109357 a composite number?
False
Is 92629 composite?
True
Is 205609 prime?
False
Is 2814751 prime?
True
Is 37426 composite?
True
Is 457729 a composite number?
True
Is 411721 a composite number?
False
Is 629 a prime number?
False
Is 66397 a prime number?
False
Is 36973 a prime number?
True
Is 37243 a composite number?
False
Is 427279 composite?
False
Is 33461 prime?
True
Is 1361 a prime number?
True
Is 4063 prime?
False
Is 723533 a prime number?
False
Is 114151 composite?
True
Is 34421 a prime number?
True
Is 583 a composite number?
True
Is 457739 a composite number?
False
Is 97423 a composite number?
False
Is 18439 composite?
False
Is 494567 prime?
True
Is 1759 prime?
True
Is 31627 a prime number?
True
Is 29771 composite?
True
Is 2053 composite?
False
Is 945431 composite?
False
Is 12400169 prime?
True
Is 17707 composite?
False
Is 466591 prime?
False
Is 61159 a composite number?
True
Is 230929 a prime number?
True
Is 4327 a composite number?
False
Is 4645 a prime number?
False
Is 307199 prime?
False
Is 154219 a prime number?
False
Is 207007 a composite number?
True
Is 138511 a composite number?
False
Is 16817 a composite number?
True
Is 29483 composite?
False
Is 16751 composite?
True
Is 60659 composite?
False
Is 11027 a composite number?
False
Is 11797 a composite number?
True
Is 4631 prime?
False
Is 1433767 a prime number?
True
Is 31187 prime?
False
Is 3093 composite?
True
Is 16673 a prime number?
True
Is 11747 a prime number?
False
Is 154555 a composite number?
True
Is 376757 a composite number?
False
Is 48803 a composite number?
True
Is 1078081 prime?
True
Is 11903 a prime number?
True
Is 57745 prime?
False
Is 12641 a prime number?
True
Is 364499 a prime number?
True
Is 43773 a prime number?
False
Is 46381 prime?
True
Is 1457621 a composite number?
True
Is 11563 a prime number?
False
Is 39421 prime?
False
Is 472661 composite?
True
Is 43597 a composite number?
False
Is 61822 a composite number?
True
Is 465653 composite?
True
Is 4571603 a composite number?
False
Is 472291 prime?
False
Is 253919 a composite number?
False
Is 22471 a prime number?
False
Is 867677 prime?
True
Is 34079 a prime number?
False
Is 63541 composite?
False
Is 126517 a composite number?
False
Is 787 prime?
True
Is 625477 composite?
False
Is 622 a composite number?
True
Is 5049283 composite?
False
Is 30399 a prime number?
False
Is 52753 a composite number?
True
Is 20011 composite?
False
Is 13043 prime?
True
Is 13801 prime?
False
Is 10211 prime?
True
Is 1754443 prime?
False
Is 1225907 composite?
False
Is 354911 composite?
False
Is 110989 a prime number?
True
Is 46297 a prime number?
False
Is 5264393 a prime number?
False
Is 178753 a prime number?
True
Is 66602 prime?
False
Is 63579 prime?
False
Is 1019 a composite number?
False
Is 226451 composite?
False
Is 142 prime?
False
Is 294589 prime?
False
Is 991511 composite?
False
Is 54113 prime?
False
Is 65287 a composite number?
False
Is 51257 a prime number?
True
Is 12451 composite?
False
Is 3691 prime?
True
Is 716249 a prime number?
True
Is 2221733 composite?
False
Is 1130218 a prime number?
False
Is 134191 a composite number?
False
Is 1655 a